 u - 17. Is g a composite number?
False
Let k = -6 - 5. Let m = 32 + k. Let i = -18 + m. Is i prime?
True
Let w = -16 + 15. Let t be w/1*10/(-5). Suppose -2*o + 1291 = 5*z, t*z + z - 4*o = 759. Is z a composite number?
False
Let k(n) = -n**2 + 19*n + 1. Suppose -16 + 56 = 4*i. Let d(g) = -g**2 + 11*g + 3. Let x be d(i). Is k(x) prime?
True
Let a = 5 - 5. Let o = a - 5. Is ((-138)/10)/(1/o) a composite number?
True
Is 4091/2 - (-8)/(-16) a prime number?
False
Let b = 1669 - 847. Suppose -5*o + 953 + b = 5*y, 0 = 2*o + 3*y - 707. Is o prime?
False
Let m = -689 - 92. Let l = -134 - m. Is l prime?
True
Let v = 4731 - 3167. Suppose -v = -4*n + 4*z, 5*n - 3*n + 2*z - 774 = 0. Is n composite?
False
Let i(l) = -593*l + 167. Is i(-12) a prime number?
True
Let i(o) be the second derivative of o**5/20 - o**4/12 - o**3/3 + 109*o**2/2 + 20*o. Is i(0) composite?
False
Let t = -6938 - -19273. Is t a composite number?
True
Is (1 - -19836) + (-21 - -25) composite?
False
Let p(h) = -2*h**3 - 19*h**2 + 28. Is p(-15) composite?
False
Let l(w) = 4332*w**2 - 8*w + 29. Is l(3) a composite number?
False
Suppose -2*k + 2*g = -5*k + 92187, 3*k - 2*g - 92187 = 0. Is k a composite number?
True
Let d(l) = 24*l + 57. Is d(26) a composite number?
True
Let q = 1255 + 5282. Is q a composite number?
True
Let d be 1814/(-5)*(-6)/((-6)/(-25)). Suppose 12*b = 14*b - d. Is b a composite number?
True
Let v = 44333 + -19138. Is v prime?
False
Let r = 0 + -1. Let t(c) = 4*c - 19*c - 2*c + 7*c. Is t(r) prime?
False
Suppose -58 = -2*r + 4*r. Let z = r - -57. Suppose -z = -4*l + 2*n, -2*n + 3*n = l - 8. Is l a prime number?
False
Let k(y) = -3*y**3 - 9*y**2 + 16*y + 23. Let x(g) = -4*g**3 - 10*g**2 + 15*g + 24. Let d(t) = 3*k(t) - 2*x(t). Is d(-11) prime?
True
Is (-471)/(-5) - (128/40)/16 composite?
True
Suppose 0*x + 2*x - 56 = 0. Let w = -30 - -9. Let m = w + x. Is m a composite number?
False
Is -1 - (12/(-2) - 3678) a prime number?
False
Suppose -6 = -4*r + 10. Let l be (4*437)/r - -2. Suppose c = -3*y + 610, -4*y + l = -2*c - 391. Is y composite?
True
Let g(p) = -232*p + 17*p + 6 + 6. Is g(-14) a prime number?
False
Suppose 4*p = -4*o - 0*o - 20, 4*p + 10 = -2*o. Suppose 5*x = -3*h + 32, p*x - 35 = -4*h + x. Suppose h*g - 4*g - 3425 = 0. Is g prime?
False
Suppose 2*p + 28 = -z, p - z = 4*p + 42. Let m = p - -16. Suppose -3*y = -s + 122, 0*s - 5*y - 243 = -m*s. Is s prime?
False
Suppose -3*j + 3537 - 1275 = 0. Let q = j + -335. Is q prime?
True
Let o(l) = l**2 - 16*l - 20. Let v = 7 + 10. Let u be o(v). Let t(s) = -4*s**3 + 2*s**2 + 1. Is t(u) a composite number?
False
Let r be (45/10)/(9/12). Let t(a) = -a**2 + 6*a + 3. Is t(r) prime?
True
Let p = -33 - -46. Let z = 12 - p. Is 9/9*(z - -324) a composite number?
True
Suppose c = 2*s + 3, -3*c + 2*c - 4*s + 9 = 0. Suppose -3*z = -4*z + c*w + 474, -z + 3*w + 484 = 0. Is z composite?
False
Suppose 16426 = -18*h + 20*h. Is h prime?
False
Suppose 2*j = 5*q - 10, j - 5*q = -3*j - 10. Let v(f) = f**3 - f**2 - f + 3. Let d be v(j). Suppose -d*a - 385 = -8*a. Is a prime?
False
Suppose 56*u = 1831537 - 260121. Is u a prime number?
False
Let g(j) = -273*j**3 + 6*j**2 + 30*j - 2. Is g(-5) composite?
False
Let j = 9101 - 6355. Is j a composite number?
True
Let r = 2882 - 1590. Suppose -4*m = -r + 216. Is m prime?
True
Let w(a) be the first derivative of -a**4/2 + a**3 + a**2 + 2*a + 2. Is w(-5) a composite number?
False
Let l = 2175 + -661. Suppose 438 = a - 4*q, 278 = 4*a + 4*q - l. Suppose -c + 3*c = a. Is c composite?
False
Suppose -v - 791 - 1730 = -4*h, 4*h = -v + 2527. Is h a composite number?
False
Suppose -2*c = -148 - 140. Suppose -n + u = -c, -2*u = -n - 0*u + 139. Is n a composite number?
False
Suppose 4*z + 2*d = 5583 - 1239, 0 = 3*z + d - 3259. Is z a prime number?
True
Let o(l) = -6*l**2 - 30*l. Let c be o(-5). Suppose c = 3*i + z - 0*z - 2156, -3596 = -5*i + z. Is i composite?
False
Let z(w) = -344*w - 9. Let f be -2*4*(-1)/(-2). Is z(f) prime?
True
Let t(s) = -s**3 + 16*s**2 + 19*s - 7. Suppose 2*l - 1 = l, w = 5*l + 6. Is t(w) a prime number?
False
Let v = -132 + 209. Is v prime?
False
Is (-76880)/(-12) + (-4)/(-12) prime?
False
Let g be 601/4*(-5 - -1). Let l = 1014 + g. Is l prime?
False
Is 5 - (17 + -3) - -32546 a prime number?
True
Suppose 5*s = -4*t - 1475, 3*s = t + 67 + 289. Let r = -218 - t. Is 1 + (r - 1) + 2 prime?
True
Let k = -1328 - -2397. Is k composite?
False
Let x(f) = -f**2 + 7*f - 8. Let u be x(4). Suppose -12 + u = 4*p. Is (p - -1)/((-12)/5028) prime?
True
Suppose d + 10 - 32 = 0. Let v = d + 52. Is v*((-84)/8)/(-7) a prime number?
False
Let g = -5093 - -9954. Is g prime?
True
Is (-2)/(8/(-78))*(-3350626)/(-2217) a prime number?
False
Let k = 8 + -5. Let z be (1322/(-8))/(k/(-12)). Let g = -330 + z. Is g a composite number?
False
Let x(a) be the first derivative of 29*a**2/2 - 6*a + 28. Is x(5) a prime number?
True
Let k(g) = g**2 + g + 13. Let j be k(10). Let o = 4 + j. Is o a prime number?
True
Let n = 21156 + -11917. Is n a prime number?
True
Suppose 3*y - 11 = -2*t, -2*t + 6*t = -4*y + 12. Suppose -3827 = -y*q - 1372. Is q a prime number?
True
Let g = 8 - -44. Suppose -321 = -q - g. Is q prime?
True
Let c(v) = 34*v**2 - 8*v + 13. Let o be c(4). Is (o - -2)/(-1 - -2) a composite number?
True
Let s(h) = h**3 - 2*h**2 - 2*h - 1. Let b be s(-1). Let g(l) = 36*l**3 - 3*l - 2. Let i be g(b). Let c = i - -439. Is c composite?
True
Let x be 1/5 + (-4128)/40. Let z = -548 - x. Let y = -258 - z. Is y a composite number?
True
Let i = 54 - 32. Let k be 61398/99 - 4/i. Suppose 5*p = o + 650, -4*p = p + 5*o - k. Is p prime?
False
Is 2830 - (-13)/(104/24) a prime number?
True
Suppose 3*o - 20 = -8. Is 521/(-4*(-1)/o) a prime number?
True
Let q(v) = 23*v**2 + 2*v - 1. Suppose -10 = -2*m, c - 5*m = 9 - 33. Suppose -c + 2 = 2*s + g, -s + 3 = g. Is q(s) a prime number?
False
Let g(i) = -5*i - 2. Let f be (-7 - -10)*1*-2. Let x be g(f). Is (-3789)/(-7) + x/(-98) composite?
False
Let a(f) = -446*f - 5. Is a(-20) a prime number?
False
Let q(c) = -c**3 - 9*c**2 - 8*c - 3. Let p be q(-8). Let g be (-190)/p - (-1)/(-3). Suppose 2*a = -r + 174 - g, 2*a - r = 109. Is a prime?
False
Suppose -4*j + 6867 = 3*m, j - 11445 = -5*m + 5*j. Suppose 3*h - 10*h - m = 0. Let q = 632 + h. Is q prime?
False
Is 27248/4 + (-9)/1 prime?
True
Suppose 5562 = 5*l + 317. Is l composite?
False
Let l(q) = -q**3 - 2*q**2 - q. Let r be l(-1). Suppose r = -3*i + 1643 + 724. Is i prime?
False
Suppose 5*b = -2*b. Let o = b - -2. Suppose -d - 10889 = -5*j, -o*j - 3*j + 2*d + 10893 = 0. Is j a composite number?
True
Let v = 10 + -5. Suppose 3*a - 26 - 189 = -2*d, v*d + 3*a = 560. Is d a prime number?
False
Let w = 35 - 5. Suppose -5*j - w = -5*c, -2*c = c - 5*j - 28. Is 80*c - 15/(-5) composite?
False
Is (-1 - 2)/(135/(-11295)) a composite number?
False
Let v(g) = g**3 + g**2 - 4*g - 4. Let w be ((-4)/6)/((-18)/(-135)). Let o be v(w). Let c = 363 - o. Is c composite?
True
Let d(z) = -2*z**3 + 2*z**2. Let h be d(2). Let r = -8 - h. Suppose -g - 3 + 218 = r. Is g composite?
True
Suppose l - 12 + 17 = 0, 0 = -2*g - 5*l + 9301. Is g a composite number?
False
Let f be -1 + (-3348849)/9 + (-8)/(-6). Is 3/(-5) + f/(-115) prime?
False
Let m be 16/(-4)*(15 + 2). Let n = -47 + 260. Let j = m + n. Is j a prime number?
False
Is (-4*92/(-8))/((-6)/(-1821)) a composite number?
True
Let o(a) = -a**2 + 9*a + 6. Let p be o(10). Let r be (-218)/8 - 1/p. Let l = r - -38. Is l prime?
True
Let j(u) = 653*u**2 - 8*u - 7. Let o be j(-4). Suppose 3*d - o = -5*c, 3491 = d + c + 3*c. Is d a composite number?
False
Let a = -2176 - -1052. Let r = -789 - a. Is r a prime number?
False
Let f be 62/5 - (-10)/(-25). Let c = -14 + f. Is ((-691)/c)/(11/22) a prime number?
True
Let t = 15643 + -3572. Is t composite?
False
Is (-10)/(-60) + 311235/18 a prime number?
True
Let g(f) = f**2 - 2*f - 17. Let x be g(7). Let l = x - 14. Suppose -l*b + 46 = -p + 4*p, p + 5*b + 3 = 0. Is p a prime number?
False
Suppose y - 2*d = -466, 0*y + 892 = -2*y - 4*d. Let f = 104 - y. Suppose -f = -2*c + 102. Is c a composite number?
False
Is -21 + 11 - 1*-20931 composite?
False
Is 10/(220/(-33))*(-2942)/3 a prime number?
True
Suppose -32 - 2 = -2*s. Suppose 2895 = -14*w + s*w. Is w prime?
False
Suppose -9*s + 3174